atest common divisor of u and o?
15
Suppose 3*j - 299 = -5*w, -88 = -3*j + 2*j - 4*w. Suppose 27 + 7 = 2*f. Let h = f - 5. What is the greatest common factor of h and j?
12
Suppose 695 = 5*t + u, -3*u = -t + u + 160. Let p(c) = 2*c + 4. Let w be p(8). What is the greatest common divisor of t and w?
20
Let k = 7 - 1. What is the greatest common factor of 30 and k?
6
Let t be 135*6/(-20)*-2. Suppose 0 = 9*s - 4*s - 45. Calculate the greatest common factor of s and t.
9
Suppose 0 = y + 1, -4*m + 490 = -m - 4*y. Calculate the greatest common divisor of 18 and m.
18
Suppose 286 = 7*t - 5*t. Calculate the highest common divisor of 13 and t.
13
Let c be 1 + -3 + (4 - -2)/1. What is the highest common factor of 8 and c?
4
Let w(y) = -y**2 - 14*y - 16. Let t be w(-11). Calculate the highest common divisor of t and 17.
17
Let x(j) = 4*j**2 + j - 1. Let a be x(1). Let d be 3/(-2 + 43/20). What is the greatest common divisor of d and a?
4
Let f(s) = 217*s**3 + 2*s**2 + 2*s + 1. Let n be f(-1). Let c be ((-2)/(-4))/((-2)/n). Suppose 14 = -15*g + 284. What is the highest common factor of g and c?
18
Let j = 9 + -5. Let c be ((-6)/5)/(j/(-240)). What is the greatest common factor of 18 and c?
18
Let i(b) = 2*b**2 - 1. Let g be i(-2). Let r(d) = -d**3 + 13*d**2 - 11*d + 23. Let a be r(12). What is the greatest common divisor of a and g?
7
Let u(v) = 11*v + 5. Let s be u(5). Let h = -36 + s. Let n = 35 - h. What is the greatest common divisor of n and 88?
11
Suppose -w - 2 + 23 = 0. Calculate the greatest common divisor of w and 3.
3
Let m be ((-44)/33)/(1/(-15)). Calculate the greatest common factor of m and 10.
10
Let g = -1 - -19. Let u(l) = 5*l**2 + l - 4. Let h be u(5). Calculate the highest common divisor of g and h.
18
Let f(a) = -10*a. Let u be f(-11). Calculate the highest common divisor of u and 22.
22
Suppose -3*t = -4*t + 10. What is the greatest common factor of 40 and t?
10
Suppose -5*r - 9 = -29. Suppose 3*l + m + 16 = 0, -3*l + l + 4 = -3*m. Let x = 24 - l. Calculate the greatest common factor of r and x.
4
Suppose -6*k + 2*k + 128 = 0. What is the greatest common divisor of 80 and k?
16
Let f(i) = i**3 - 3*i**2 - 5*i + 1. Let k = -8 + 13. Let n be f(k). Suppose -n = -2*t - 8. What is the greatest common divisor of 27 and t?
9
Let m(b) = -b**3 + 2*b**2 + 3*b - 3. Let a be m(3). Let c be (-2)/(-3) + (-91)/a. What is the greatest common factor of 248 and c?
31
Suppose 2*l = 5 + 5. Let w = 3 - 9. Let z be (-13 - 2)*2/w. Calculate the highest common factor of l and z.
5
Let w(o) = 3*o + 4. Let s be w(8). Let z = 44 - s. Calculate the greatest common divisor of 24 and z.
8
Let h(d) = d - 1. Let i be h(3). Suppose 2 = -q + 3*j, -q - j = -2*j - i. Let y be (-108)/16*(-16)/3. Calculate the greatest common factor of y and q.
4
Suppose o = p - 43 - 57, -4*o = 2*p - 176. Suppose -3*n = -n - p. Calculate the highest common divisor of n and 32.
16
Let g(i) = i**2 - 12*i + 40. Let v be g(10). What is the highest common divisor of 130 and v?
10
Let w be 1/(-6) - 56/(-48). Let b be -3 + (-29 - w)/(-2). What is the highest common divisor of b and 48?
12
Let i = 139 + -51. Let n(x) = -4 - 5*x**2 - 5 + 2*x + 2 + 6*x**2. Let m be n(-5). What is the greatest common divisor of i and m?
8
Suppose -3 - 5 = -2*f. Let g(j) = -j**3 + 8*j**2 + 6*j - 14. Let z be g(10). Let h be (0 - 2)/(f/z). Calculate the highest common factor of h and 7.
7
Suppose z - 6*z + 87 = 2*j, 4*z + 4*j = 72. Calculate the greatest common factor of 119 and z.
17
Suppose 44 = 3*p - t, -2*p + 0*t = -4*t - 36. Let s = -133 + 189. Calculate the highest common factor of s and p.
14
Let b = 2 + -1. Let w(z) = 3*z + 2 - 6 + 2*z + 0. Let m be w(3). What is the greatest common factor of b and m?
1
Let x(i) = i - 9. Let p be x(9). Suppose p*z + 4*z + t - 75 = 0, t + 25 = z. What is the highest common factor of 80 and z?
20
Let x = 9 - 11. Let v be 1*(2 + x)/2. Suppose v*h + 3*h = 18. What is the greatest common divisor of 6 and h?
6
Let u = 17 + -9. What is the highest common divisor of u and 1?
1
Let a be 13 - (1 + 0/2). Let z = 23 - -113. Suppose 5*m - z = 4*l, m + 2*l = -4*m + 112. What is the greatest common divisor of a and m?
12
Suppose 2*m - 36 = 2*c, -4*m - 2*c + 11 + 37 = 0. Let s(t) = -8*t - 1. Let x be s(-1). Calculate the greatest common divisor of m and x.
7
Let l = 96 + -94. Calculate the greatest common factor of 9 and l.
1
Suppose -11*r = -12*r + 9. What is the greatest common factor of r and 81?
9
Let i(q) = 3*q - 3. Let y be i(5). Suppose 4*z - u - 338 = 0, 2*z + u + 35 - 201 = 0. Calculate the greatest common factor of y and z.
12
Let l be 2/(-11) - (-13)/11. Let c be (-4 + 3)*l*-4. Calculate the highest common factor of 12 and c.
4
Suppose 0*y - 3*y + 5*c - 11 = 0, 0 = -2*y + c + 2. Calculate the greatest common factor of 21 and y.
3
Suppose 5*u - 49 + 146 = 3*r, -5*u = 3*r - 107. Suppose -4*l + 50 = -18. What is the greatest common divisor of l and r?
17
Let l = -15 + 35. What is the highest common factor of l and 140?
20
Suppose -4*v = 4*b - v + 11, -3*v - 17 = -2*b. Let x be (-3 + b/(-4))*-44. Calculate the greatest common factor of 13 and x.
13
Suppose -2*s + 0 = 4. Let r be (s/4)/(2/(-60)). What is the greatest common factor of 10 and r?
5
Suppose -3*w + 70 = 2*w. Suppose 5*z + w - 79 = 5*b, 4*b = -5*z + 20. Calculate the greatest common factor of z and 72.
8
Let o(m) = -m**3 - 8*m**2 - 4*m + 10. Let j be o(-7). Let a(c) = c**2 + 2*c. Let k be a(j). Calculate the highest common factor of 9 and k.
9
Let o = 132 + -125. Suppose 0 = -2*g - 7 + 17. Let y be 2/g - 9/(-15). What is the greatest common divisor of y and o?
1
Suppose 4*v - 4*n = 1160, v + 2*n = 2*v - 292. What is the greatest common divisor of 36 and v?
36
Let z(p) = 5*p**2 + p + 1. Let m be z(-1). Suppose 0 = -2*v - k + 6, 3*v - m*k = 35. Let w be ((-8)/v)/(-4)*5. Calculate the greatest common factor of 8 and w.
2
Suppose 4*f + 4*f - 48 = 0. What is the greatest common factor of 42 and f?
6
Suppose 0*h + 14 = 3*u + 2*h, 5*h + 16 = u. Suppose 2*p - 72 + 12 = 0. Calculate the greatest common divisor of p and u.
6
Let q(k) = -k**2 + 20*k + 5. Let z be q(17). What is the greatest common factor of z and 84?
28
Suppose -q = 5*x - 2, -5*q - 4*x + 50 + 65 = 0. Suppose 0 = n - 0*n. Suppose n = -5*r, r = 4*f - 0*f - 36. Calculate the highest common factor of f and q.
9
Suppose 2 = u - 0. Suppose -8 + 2 = -u*w. What is the highest common factor of w and 24?
3
Suppose 0 = -v + 15 + 12. Suppose 4*a = 3*n + 51, 0 = a + n - 4. Calculate the highest common divisor of a and v.
9
Suppose -6 = -3*x, -4*u + 3 + 7 = -3*x. Suppose -5*y + 6 = -u. What is the greatest common divisor of y and 12?
2
Let c = -15 - -57. What is the highest common factor of 14 and c?
14
Let v(p) = 2*p**3 + 11*p**2 + 4*p + 11. Let w be v(-5). What is the highest common factor of w and 40?
8
Let i(v) = -v + 11. Let p be i(-10). Let c = -19 + 103. What is the highest common factor of p and c?
21
Suppose 7*l = q + 4*l - 8, -3*q + 18 = -3*l. Let w = -7 + 47. Calculate the greatest common divisor of w and q.
5
Let v be 16*(1 - (0 - 1)). Let m = 27 + -23. Calculate the highest common divisor of m and v.
4
Suppose 5*m = -5*j - 5, 7*j + 12 = -2*m + 3*j. Suppose -a - 1 = b, m*b + 3*a + 3 = 2. Let i = 29 + -21. Calculate the highest common divisor of b and i.
2
Let v be 2/(((-3)/6)/(-1)). Suppose -w - 4*w + 4*n = -97, 83 = v*w - 5*n. Suppose t - 98 = 55. What is the highest common divisor of w and t?
17
Let c be (((-27)/6)/3)/(15/(-50)). Calculate the greatest common divisor of c and 2.
1
Suppose -4*h - l + 19 = -h, 3*h - l = 29. Suppose 2*a + a = 168. What is the greatest common factor of a and h?
8
Let m be (13 + -3 - 2)*1. Let z(s) = s**2 - 3*s - 3. Let x be z(4). Calculate the greatest common divisor of m and x.
1
Suppose 4*v - 300 = 5*j, -5*v + 298 + 32 = 5*j. What is the highest common factor of v and 28?
14
Suppose 0 = 3*n - 575 - 478. Calculate the highest common factor of 39 and n.
39
Let g be ((-3)/6 + 0)/((-1)/88). What is the greatest common factor of g and 4?
4
Suppose -2*h = -3*v + 52, -4*v + 5*h - 80 = -7*v. What is the greatest common factor of v and 140?
20
Suppose -35 = -5*s + 35. Suppose -3*q = 2*o - 0*o - 63, 0 = 3*q + 3*o - 63. What is the greatest comm